-2*o = -5 + 1. Let u(r) = -r**o - 4*r**2 + 2*r**c - 1 - r + 4*r**2. What is u(0)?
-1
Suppose 3*g + 12 = -3*h, -h = -5*g + h + 8. Let a(l) = -2 + 2 + l**3 + g. Give a(-2).
-8
Let h be 2/8 - 76/(-16). Let m(n) = 2*n - 1 + 0 + h. Let y be 3*(0 - 1 - 0). Determine m(y).
-2
Suppose -24 = 4*j + 4*f, 0*f + 17 = 3*j - 4*f. Let q(z) = -z**3 + 2*z**2 + 2*z + 1. What is q(j)?
2
Suppose 0*d - 5*d + 30 = 0. Let t(l) = -4*l + 9 + d*l - l. Determine t(-4).
5
Let q(h) = -3*h + 19. Let x be q(6). Let s(v) be the second derivative of v**5/20 - v**4/12 + v**3/6 - v. Determine s(x).
1
Let n(z) = -z**2 - 8*z. Let q be n(-8). Let m(w) = q*w + w + w. Determine m(-3).
-6
Let n(l) be the second derivative of -l**3/6 + 15*l**2/2 - 25*l. Calculate n(9).
6
Let n(c) be the third derivative of c**4/3 + 45*c**2. What is n(1)?
8
Let p(w) = -5*w + 9. Let k(q) = -9*q + 17. Let y(n) = 6*k(n) - 11*p(n). Let r = -1 + 5. Suppose 0 = 4*z - m + 16, 0 = r*z - 3*m + 6 + 2. Determine y(z).
-2
Let i(v) be the first derivative of -2*v - 1/4*v**4 + v**2 + 2/3*v**3 + 1. Suppose -5*r + 12 = -r. Calculate i(r).
-5
Let z be (4 + -9)/(-1 + 0). Let i(y) = y + 1. Let d(l) = l**2 - 5*l - 1. Let n(r) = d(r) - i(r). Calculate n(z).
-7
Suppose -8 = 4*d - 36. Suppose -4*o + d*o = 12. Let i(y) = y**3 - 3*y**2 - 2*y - 4. Determine i(o).
4
Suppose -a + 3*a - 24 = 0. Let r = a + -9. Let m(o) = -2 + 0*o + 6 + 2 + r*o. Give m(-5).
-9
Let j(v) be the second derivative of -1/6*v**3 + 4*v**2 + v + 0. Suppose -15 + 3 = -3*t. Calculate j(t).
4
Suppose w - 3*i = -11, 4*w = -4*i + 7 - 19. Let o(m) = 2*m**2 + 9*m + 8. Let b(n) = -3*n**2 - 14*n - 12. Let x(c) = 5*b(c) + 7*o(c). Determine x(w).
6
Suppose 1 = -0*z + z. Let w(d) = -d. Let s be w(-1). Let v(l) = -l - s - 2*l - 4*l**2 + 5*l. What is v(z)?
-3
Suppose -2*c + 4*c = -8. Let r(p) = p**3 + 5*p**2 + 3*p - 1. What is r(c)?
3
Let w(v) be the first derivative of -v**4/4 - v**3/3 - 3*v + 2. Let o(l) = l**3 + 6*l**2 - 2*l - 7. Let t be o(-6). Suppose t*q = q. Calculate w(q).
-3
Let j(p) be the first derivative of p**2/2 + 11*p + 58. Suppose 4*b = -d + 6, d - 4*b + 2*b = -12. Calculate j(d).
5
Let d(l) be the third derivative of -2/3*l**3 + 2*l**2 + 1/60*l**5 + 0 + 0*l - 1/8*l**4. Calculate d(5).
6
Let p(o) = -o**2 + 5*o - 1. Let b be p(5). Let v be ((0 - 1) + -3)*b. Let x(n) = -2*n + 3. What is x(v)?
-5
Let i(q) = -q**2 - 5. Suppose 0 = 2*v + 3*v - 15. Let x be -1 - -1*(v - 2). What is i(x)?
-5
Let i = -149 - -156. Let d(x) = x**2 - 8*x + 1. Determine d(i).
-6
Let v = -6 - 5. Let q = -14 - v. Let t(l) = 3*l - 2. Calculate t(q).
-11
Let c(b) = b**3 + 5*b**2 - 4*b + 5. Let l = 38 - 44. Give c(l).
-7
Let f be -4 - (-6 + 4 + 0). Let h(g) = -g**2 + 3*g + 3. Determine h(f).
-7
Let x(w) = 8*w - 4*w - 5*w + 5 + 0. Give x(11).
-6
Let t(n) = -n**2 - 3*n + 2. Suppose -3*k + 12 = -7*k. Determine t(k).
2
Suppose s = -8 + 11. Let p(t) = -2*t + 2. Calculate p(s).
-4
Let x be (-4)/(-16) + (-39)/(-4). Let v(z) = z**3 + 7 + 2*z - 9*z**2 - 10*z + x*z**2 - 6*z**2. Suppose -3*k + 5*k + 4*g - 20 = 0, 3*g + 12 = 3*k. What is v(k)?
-5
Let k = -4 + -1. Let q(a) = 3*a - 2*a - 2 - 7*a + 2*a**2 - 3*a**2. Let n(o) = 1. Let x(u) = 3*n(u) + q(u). Give x(k).
6
Let d(r) = r**3 + 2*r - 3*r**3 + 18 - 19 - 2*r**2 + r**3. Let c = 3 - 6. What is d(c)?
2
Let d(l) = -l**3 - 3*l**2 - 2*l - 3. Suppose -5*v - q = 6, 3*v + 6*q - 2*q - 10 = 0. What is d(v)?
-3
Let p(h) = h - 14. Suppose -5*g + 2*g = -2*g. Determine p(g).
-14
Let p(g) = g**2 + 5*g + 1. Let u(t) be the second derivative of -t**4/12 - t**3 + 11*t**2/2 - 3*t. Let h be u(-8). Determine p(h).
1
Let s(q) = -4*q - 3 - 9*q**2 + 11*q + 10*q**2. Suppose 8*o + 28 = 4*o. Give s(o).
-3
Let j(a) = a - 9. Let u(h) = 2*h - 18. Let i(s) = 5*j(s) - 3*u(s). Give i(0).
9
Suppose -3*m - m = 5*h - 41, -5*m = -4*h. Let v(y) = -y**3 + 6*y**2 - 5*y - 1. What is v(h)?
-1
Let s(k) = -k**2 + 4*k + 9. Let o(b) = 4*b - 33. Let y be o(10). What is s(y)?
-12
Let l(c) = -c**3 + 3. Let f(z) = z**2 - z - 2. Let s be f(-1). Calculate l(s).
3
Let p(j) be the second derivative of -1/3*j**3 + 0 - 1/3*j**4 + 4*j - 1/2*j**2 - 1/20*j**5. Determine p(-3).
-4
Let c = 3 - 0. Let t(a) = a**3 - 4*a**2 + 2*a + 1. Let j be t(c). Let r(s) be the second derivative of s**4/6 + s**3/6 - s. Give r(j).
6
Let s be (-2 + (-4 - -2))*2. Let j be (-135)/12 - 1/(-4). Let p = j - s. Let o(g) = -g - 7. What is o(p)?
-4
Let p(l) = l**2 - 4*l + 3. Let o be p(3). Let y = o - -2. Let x(u) = y*u**2 - 2*u**2 + 4*u + 5 + u**2. What is x(-4)?
5
Let x(d) = -d**2 + 10*d - 10. Let r(w) = -w**2 + 11*w - 11. Let b(u) = -2*r(u) + 3*x(u). Determine b(6).
4
Let s = 16 - 11. Let b(z) = 2*z + z - z**3 + 5*z**2 + 1 - 2*z. Give b(s).
6
Let y(v) be the second derivative of 5/12*v**4 - 4*v + 0*v**3 + 0 + 1/2*v**2. What is y(1)?
6
Let f(o) = o**2 + 2 + 3*o**2 + 9*o - 4 - 3*o**2. What is f(-7)?
-16
Let o(v) = -v - 8. Suppose -2*u - u - 18 = 0. What is o(u)?
-2
Let z(o) = -6*o. Let x be ((-8)/3)/4*6. Let f = 8 + -5. Let q = f + x. Give z(q).
6
Let b(x) be the second derivative of -x**4/2 + x**2/2 - 48*x. Determine b(-1).
-5
Let n be (-2)/6 - (-21)/9. Suppose 0 = n*m + 1 - 9. Let u(r) be the third derivative of -r**6/120 + r**5/15 + r**4/24 + r**3/3 + r**2. Give u(m).
6
Let w(x) = -2*x + 6. Suppose -3*d = 2*d - 100. Suppose -5*p = -p - d. Let a be w(p). Let h(z) = 3*z + 4. Give h(a).
-8
Let m = 31 + -19. Let i = m + -12. Let u(n) = n + 10. Calculate u(i).
10
Let z = -2 + 3. Let m(u) = 8*u**2 - 2*u - 9 + 10 + u**2. Calculate m(z).
8
Let h(y) = 17 - 3*y - 12 + y**2 + 3*y. Suppose 0*x + 5*x = 0. What is h(x)?
5
Let j be -1*4/(-14) - 26/(-7). Let z(o) = 3 - 4*o + 3 - 2. Give z(j).
-12
Let f(s) = s**2 + 7*s + 4. Let v(q) = -q**2 - 5*q + 1. Let a be v(-4). Suppose i - a*i + 38 = k, k = -3*i + 28. Let n = 4 - i. What is f(n)?
-2
Suppose -2*v + 3*v - 2 = 0. Let n(z) = -v - 2 + 9 + 3*z. Let h(r) = 10*r + 16. Let k(s) = -2*h(s) + 7*n(s). Give k(-6).
-3
Suppose 6 = 5*t - u, 5*u - 10 = 10. Let a(i) = 6*i**2 - 1 + t*i + i - 3 + i**3. Let k = -77 - -72. What is a(k)?
6
Let c(p) = 2*p - 4*p**2 - 148 + 3*p**2 + 149. What is c(-2)?
-7
Let u = -2 - -4. Suppose -o - u = -5. Let d(m) = m + 1. What is d(o)?
4
Suppose -p + 0*h - 2*h - 15 = 0, -4*p = 4*h + 52. Let u = p + 16. Let q(x) be the first derivative of -x**3/3 + 5*x**2/2 - 4*x + 6. Determine q(u).
-4
Let l(b) = 2*b - 1. Let z = -14 + 20. Let q be (-1 + 0)/((-2)/z). Determine l(q).
5
Suppose -17 = -3*p + 2*d + 11, -5*p - 3*d + 15 = 0. Let o(m) = m - 3*m + p*m. Let z be 3/2*8/(-12). Give o(z).
-4
Let j(f) = f**3 + 3*f**2 - 5*f + 3. Suppose 0 = -y - 5, -m - 1 = y + 1. Let i(o) = 2*o**2 - o - 1. Let b be i(-1). Let s be -3*2*b/m. Determine j(s).
7
Suppose 3*d + 2*l - 19 = 0, -4*l + l = 4*d - 25. Let n(p) = p**3 - 6*p**2 - 5*p - 10. What is n(d)?
4
Let d(p) = -p**3 - 8*p**2 + 8*p - 13. Suppose -17 - 1 = 2*l. Give d(l).
-4
Suppose 0*f - 3*h + 24 = -4*f, 4*f = 4*h - 24. Let t(j) = -j**3 - 7*j**2 - 6*j + 6. Give t(f).
6
Let s(l) = 3*l + 6. Let k(y) = 2*y + 3. Let p(q) = -13*k(q) + 6*s(q). Determine p(-2).
13
Let b(x) = 5*x. Suppose 0 = -6*z - 9*z + 30. Calculate b(z).
10
Let m(k) = 6*k**2 + 6*k - 7. Let d(p) = 13*p**2 + 13*p - 15. Let a(i) = -4*d(i) + 9*m(i). What is a(2)?
9
Let d(q) = 2 - q**3 - 2*q**2 + q**2 + 0*q**2 + 2*q. Suppose -5*l + 7 = -8. Suppose -4*v - l*u - u = 0, 0 = v - 2*u + 6. Give d(v).
2
Let x(q) = 3*q + 7. Let c(l) = -l**3 - 7*l**2 + 2*l + 11. Let y be c(-7). What is x(y)?
-2
Let p be (-6)/4*56/(-21). Let g be 6/p*(-8)/(-6). Let a(q) = q**3 - q**2 - q + 2. Calculate a(g).
4
Let q(i) = 11*i + 17. Let b(z) = 5*z + 8. Let t(j) = -13*b(j) + 6*q(j). Let f be (-1)/(-2)*-2 + -1. Give t(f).
-4
Let y = 159 + -164. Let p(l) = l**2 + 6*l - 1. What is p(y)?
-6
Let l(s) = -2*s - 14. Let n be l(-6). Let f(o) = 5*o - 1. Determine f(n).
-11
Let k(o) be the second derivative of -o**3/3 - 3*o**2/2 - 21*o - 2. Give k(3).
-9
Suppose -2*r + 5*r = -6. Let a = r + 1. Let u(v) be the first derivative of v**2/2 - v - 3. What is u(a)?
-2
Let s(b) = -1 + 6*b - 23*b + 2*b**2 + 11*b - 3*b**2. Give s(-6).
-1
Let u(j) be the first derivative of j**2/2 + 10*j - 5. Let i be u(-11). Let y(f) = -3*f**3 + f**2. Determine y(i).
4
Let l(q) = -3*q - 2. Let g = -25 - -23. What is l(g)?
4
Let r(s) = -s**3 - s**2 + s - 